{"id":445,"date":"2025-06-18T19:43:58","date_gmt":"2025-06-18T18:43:58","guid":{"rendered":"http:\/\/linneenne-amiens.org\/?page_id=445"},"modified":"2025-07-10T11:19:38","modified_gmt":"2025-07-10T10:19:38","slug":"les-bulletins","status":"publish","type":"page","link":"https:\/\/www.linneenne-amiens.org\/?page_id=445","title":{"rendered":"Les bulletins"},"content":{"rendered":"\n\n<h2>Les bulletins de la Soci\u00e9t\u00e9 linn\u00e9enne Nord-Picardie disponibles en ligne !<\/h2>\n<h5>Dans cette rubrique il vous est possible de consulter les anciens bulletins de la SLNP en ligne et m\u00eame de les t\u00e9l\u00e9charger gratuitement en un clic !<\/h5>\n<h2>Bulletins de la Soci\u00e9t\u00e9 linn\u00e9enne Nord-Picardie<\/h2>\n<p><a href=\"http:\/\/linneenne-amiens.org\/wp-content\/uploads\/2019\/10\/Ann\u00e9e-1970-volume-1.pdf\">Ann\u00e9e 1970 volume 1<\/a><\/p>\n<p><a href=\"http:\/\/linneenne-amiens.org\/wp-content\/uploads\/2019\/10\/Ann\u00e9e-1980-volume-2.pdf\">Ann\u00e9e 1980 volume 2<\/a><\/p>\n<p><a href=\"http:\/\/linneenne-amiens.org\/wp-content\/uploads\/2019\/10\/Ann\u00e9e-1982-volume-3.pdf\">Ann\u00e9e 1982 volume 3<\/a><\/p>\n<p><a style=\"color: #000000;\" href=\"http:\/\/linneenne-amiens.org\/wp-content\/uploads\/2019\/10\/Ann\u00e9e-1983-volume-4.pdf\">Ann\u00e9e 1983 volume 4<\/a><\/p>\n<p><a style=\"color: #000000;\" href=\"http:\/\/linneenne-amiens.org\/wp-content\/uploads\/2019\/10\/Ann\u00e9e-1985-volume-5.pdf\">Ann\u00e9e 1985 volume 5<\/a><\/p>\n<p><a style=\"color: #000000;\" href=\"http:\/\/linneenne-amiens.org\/wp-content\/uploads\/2019\/10\/Ann\u00e9e-1988-volume-6.pdf\">Ann\u00e9e 1988 volume 6<\/a><\/p>\n<p><a style=\"color: #000000;\" href=\"http:\/\/linneenne-amiens.org\/wp-content\/uploads\/2019\/10\/Ann\u00e9e-1989-volume-7.pdf\">Ann\u00e9e 1989 volume 7<\/a><\/p>\n<p><a style=\"color: #000000;\" href=\"http:\/\/linneenne-amiens.org\/wp-content\/uploads\/2019\/10\/Ann\u00e9e-1990-volume-8.pdf\">Ann\u00e9e 1990 volume 8<\/a><\/p>\n<p><a style=\"color: #000000;\" href=\"http:\/\/linneenne-amiens.org\/wp-content\/uploads\/2019\/10\/Ann\u00e9e-1991-volume-9.pdf\">Ann\u00e9e 1991 volume 9<\/a><\/p>\n<p><a style=\"color: #000000;\" href=\"http:\/\/linneenne-amiens.org\/wp-content\/uploads\/2019\/10\/Ann\u00e9e-1992-volume-10.pdf\">Ann\u00e9e 1992 volume 10<\/a><\/p>\n<p><a style=\"color: #000000;\" href=\"http:\/\/linneenne-amiens.org\/wp-content\/uploads\/2019\/10\/Ann\u00e9e-1993-volume-11.pdf\">Ann\u00e9e 1993 volume 11<\/a><\/p>\n<p><a style=\"color: #000000;\" href=\"http:\/\/linneenne-amiens.org\/wp-content\/uploads\/2019\/10\/Ann\u00e9e-1993-volume-13.pdf\">Ann\u00e9e 1993 volume 13<\/a><\/p>\n<p><a style=\"color: #000000;\" href=\"http:\/\/linneenne-amiens.org\/wp-content\/uploads\/2019\/10\/Ann\u00e9e-1994-volume-12.pdf\">Ann\u00e9e 1994 volume 12<\/a><\/p>\n<p><a style=\"color: #000000;\" href=\"http:\/\/linneenne-amiens.org\/wp-content\/uploads\/2019\/10\/Ann\u00e9e-1996-volume-14.pdf\">Ann\u00e9e 1996 volume 14<\/a><\/p>\n<p><a style=\"color: #000000;\" href=\"http:\/\/linneenne-amiens.org\/wp-content\/uploads\/2019\/10\/Ann\u00e9e-1997-volume-15.pdf\">Ann\u00e9e 1997 volume 15<\/a><\/p>\n<p><a style=\"color: #000000;\" href=\"http:\/\/linneenne-amiens.org\/wp-content\/uploads\/2019\/10\/Ann\u00e9e-1998-volume-16.pdf\">Ann\u00e9e 1998 volume 16<\/a><\/p>\n<p><a style=\"color: #000000;\" href=\"http:\/\/linneenne-amiens.org\/wp-content\/uploads\/2019\/10\/Ann\u00e9e-1999-volume-17.pdf\">Ann\u00e9e 1999 volume 17<\/a><\/p>\n<p><a style=\"color: #000000;\" href=\"http:\/\/linneenne-amiens.org\/wp-content\/uploads\/2019\/10\/Ann\u00e9e-2000-volume-18.pdf\">Ann\u00e9e 2000 volume 18<\/a><\/p>\n<p><a style=\"color: #000000;\" href=\"http:\/\/linneenne-amiens.org\/wp-content\/uploads\/2019\/10\/Ann\u00e9e-2001-volume-19.pdf\">Ann\u00e9e 2001 volume 19<\/a><\/p>\n<p><a style=\"color: #000000;\" href=\"http:\/\/linneenne-amiens.org\/wp-content\/uploads\/2019\/10\/Ann\u00e9e-2002-volume-20.pdf\">Ann\u00e9e 2002 volume 20<\/a><\/p>\n<p><a style=\"color: #000000;\" href=\"http:\/\/linneenne-amiens.org\/wp-content\/uploads\/2019\/10\/Ann\u00e9e-2003-volume-21.pdf\">Ann\u00e9e 2003 volume 21<\/a><\/p>\n<p><a style=\"color: #000000;\" href=\"http:\/\/linneenne-amiens.org\/wp-content\/uploads\/2019\/10\/Ann\u00e9e-2004-volume-22.pdf\">Ann\u00e9e 2004 volume 22<\/a><\/p>\n<p><a style=\"color: #000000;\" href=\"http:\/\/linneenne-amiens.org\/wp-content\/uploads\/2019\/10\/Ann\u00e9e-2004-volume-3-bis.pdf\">Ann\u00e9e 2004 volume 22 bis<\/a><\/p>\n<p><a style=\"color: #000000;\" href=\"http:\/\/linneenne-amiens.org\/wp-content\/uploads\/2019\/10\/Ann\u00e9e-2005-volume-23.pdf\">Ann\u00e9e 2005 volume 23<\/a><\/p>\n<p><a style=\"color: #000000;\" href=\"http:\/\/linneenne-amiens.org\/wp-content\/uploads\/2019\/10\/Ann\u00e9e-2006-volume-24.pdf\">Ann\u00e9e 2006 volume 24<\/a><\/p>\n<p><a style=\"color: #000000;\" href=\"http:\/\/linneenne-amiens.org\/wp-content\/uploads\/2019\/10\/Ann\u00e9e-2007-volume-25.pdf\">Ann\u00e9e 2007 volume 25<\/a><\/p>\n<p><a href=\"http:\/\/linneenne-amiens.org\/wp-content\/uploads\/2019\/10\/Ann\u00e9e-2008-volume-26.pdf\">Ann\u00e9e 2008 volume 26<\/a><\/p>\n<p><a href=\"http:\/\/linneenne-amiens.org\/wp-content\/uploads\/2019\/10\/Ann\u00e9e-2009-volume-27.pdf\">Ann\u00e9e 2009 volume 27<\/a><\/p>\n<p><a style=\"color: #000000;\" href=\"http:\/\/linneenne-amiens.org\/wp-content\/uploads\/2019\/10\/Ann\u00e9e-2010-volume-28.pdf\">Ann\u00e9e 2010 volume 28<\/a><\/p>\n<p><a href=\"http:\/\/linneenne-amiens.org\/wp-content\/uploads\/2019\/10\/Ann\u00e9e-2011-volume-29.pdf\">Ann\u00e9e 2011 volume 29<\/a><\/p>\n<p><a style=\"color: #000000;\" href=\"http:\/\/linneenne-amiens.org\/wp-content\/uploads\/2019\/10\/Ann\u00e9e-2012-volume-30.pdf\">Ann\u00e9e 2012 volume 30<\/a><\/p>\n<p><a style=\"color: #000000;\" href=\"http:\/\/linneenne-amiens.org\/wp-content\/uploads\/2019\/10\/Ann\u00e9e-2013-volume-31.pdf\">Ann\u00e9e 2013 volume 31<\/a><\/p>\n<p><a style=\"color: #000000;\" href=\"http:\/\/linneenne-amiens.org\/wp-content\/uploads\/2019\/10\/Ann\u00e9e-2014-volume-32.pdf\">Ann\u00e9e 2014 volume 32<\/a><\/p>\n<p><a style=\"color: #000000;\" href=\"http:\/\/linneenne-amiens.org\/wp-content\/uploads\/2019\/10\/Ann\u00e9e-2015-volume-33.pdf\">Ann\u00e9e 2015 volume 33<\/a><\/p>\n<p><a style=\"color: #000000;\" href=\"http:\/\/linneenne-amiens.org\/wp-content\/uploads\/2019\/10\/Ann\u00e9e-2016-volume-34.pdf\">Ann\u00e9e 2016 volume 34<\/a><\/p>\n<p><a style=\"color: #000000;\" href=\"http:\/\/linneenne-amiens.org\/wp-content\/uploads\/2020\/01\/Bulletin_Soci\u00e9t\u00e9_Linn\u00e9enne_Nord-Picardie_Ann\u00e9e2017.pdf\">Ann\u00e9e 2017 volume 35<\/a><\/p>\n<p><a style=\"color: #000000;\" href=\"http:\/\/linneenne-amiens.org\/wp-content\/uploads\/2020\/01\/Bulletin_Soci\u00e9t\u00e9_Linn\u00e9enne_NordPic_2018_PDFall\u00e9g\u00e9.pdf\">Ann\u00e9e 2018 volume 36<\/a><\/p>\n<p><a href=\"http:\/\/linneenne-amiens.org\/wp-content\/uploads\/2021\/02\/Bulletin-2019-SLNP-PDF-1.pdf\">Ann\u00e9e 2019 volume 37 (part 1)<\/a><\/p>\n<p><a href=\"http:\/\/linneenne-amiens.org\/wp-content\/uploads\/2021\/02\/Bulletin-2019-SLNP-PDF-2.pdf\">Ann\u00e9e 2019 volume 37 (part 2)<\/a><\/p>\n<p><a href=\"http:\/\/linneenne-amiens.org\/wp-content\/uploads\/2023\/02\/Annee-2020-volume-38-.pdf\">Ann\u00e9e 2020 volume 38<\/a><\/p>\n<p><a href=\"https:\/\/www.linneenne-amiens.org\/wp-content\/uploads\/2025\/06\/Annee-2021-volume-39-1.pdf\">Ann\u00e9e 2021 volume 39<\/a><\/p>\n<p><a href=\"https:\/\/www.linneenne-amiens.org\/wp-content\/uploads\/2025\/07\/Annee-2022-2023-volume-40-41.pdf\">Ann\u00e9e 2022-2023 volume 40 et 41<\/a><\/p>\n<h2>Ajoutez votre titre ici<\/h2>\n<h2>Bulletins de la Soci\u00e9t\u00e9 linn\u00e9enne du Nord de la France<\/h2>\n<p><a href=\"http:\/\/linneenne-amiens.org\/wp-content\/uploads\/2023\/01\/00-Bulletin_de_la_Societe_linneenne_du_nord_de_la_France_0_1840.pdf\">Bulletin de la Soci\u00e9t\u00e9 linn\u00e9enne du nord de la France : 0 &#8211; 1840<\/a><\/p>\n<p><a href=\"http:\/\/linneenne-amiens.org\/wp-content\/uploads\/2023\/01\/01-Bulletin_de_la_Societe_linneenne_du_nord_de_la_France_I-1-18_1872-1873.pdf\">Bulletin de la Soci\u00e9t\u00e9 linn\u00e9enne du nord de la France 1 \u00e0 18 &#8211; 1872-1873<\/a><\/p>\n<p><a href=\"http:\/\/linneenne-amiens.org\/wp-content\/uploads\/2023\/01\/02-Bulletin_de_la_Societe_linneenne_du_nord_de_la_France_II-19-42_1874-1875_compressed.pdf\">Bulletin de la Soci\u00e9t\u00e9 linn\u00e9enne du nord de la France\u00a0 19 \u00e0 42 &#8211; 1874-1875<\/a><\/p>\n<p>\u00a0<a href=\"http:\/\/linneenne-amiens.org\/wp-content\/uploads\/2023\/01\/03-Bulletin_de_la_Societe_linneenne_du_nord_de_la_France_III-43-66_1876-1877_compressed.pdf\">Bulletin de la Soci\u00e9t\u00e9 linn\u00e9enne du nord de la France 43 \u00e0 66 &#8211; 1876-1877<\/a><\/p>\n\n\n<p><\/p>\n","protected":false},"excerpt":{"rendered":"<p>Les bulletins de la Soci\u00e9t\u00e9 linn\u00e9enne Nord-Picardie disponibles en ligne ! Dans cette rubrique il vous est possible de consulter les anciens bulletins de la SLNP en ligne et m\u00eame <a class=\"more-link\" href=\"https:\/\/www.linneenne-amiens.org\/?page_id=445\">Continuer la lecture \u2192<\/a><\/p>\n","protected":false},"author":1,"featured_media":0,"parent":0,"menu_order":0,"comment_status":"closed","ping_status":"closed","template":"","meta":{"footnotes":""},"class_list":["post-445","page","type-page","status-publish","hentry"],"yoast_head":"<!-- This site is optimized with the Yoast SEO plugin v27.4 - https:\/\/yoast.com\/product\/yoast-seo-wordpress\/ -->\n<title>Les bulletins - Soci\u00e9t\u00e9 linn\u00e9enne Nord-Picardie<\/title>\n<meta name=\"robots\" content=\"index, follow, max-snippet:-1, max-image-preview:large, max-video-preview:-1\" \/>\n<link rel=\"canonical\" href=\"https:\/\/www.linneenne-amiens.org\/?page_id=445\" \/>\n<meta property=\"og:locale\" content=\"fr_FR\" \/>\n<meta property=\"og:type\" content=\"article\" \/>\n<meta property=\"og:title\" content=\"Les bulletins - Soci\u00e9t\u00e9 linn\u00e9enne Nord-Picardie\" \/>\n<meta property=\"og:description\" content=\"Les bulletins de la Soci\u00e9t\u00e9 linn\u00e9enne Nord-Picardie disponibles en ligne ! Dans cette rubrique il vous est possible de consulter les anciens bulletins de la SLNP en ligne et m\u00eame Continuer la lecture \u2192\" \/>\n<meta property=\"og:url\" content=\"https:\/\/www.linneenne-amiens.org\/?page_id=445\" \/>\n<meta property=\"og:site_name\" content=\"Soci\u00e9t\u00e9 linn\u00e9enne Nord-Picardie\" \/>\n<meta property=\"article:publisher\" content=\"https:\/\/www.facebook.com\/slnp80\" \/>\n<meta property=\"article:modified_time\" content=\"2025-07-10T10:19:38+00:00\" \/>\n<meta name=\"twitter:label1\" content=\"Dur\u00e9e de lecture estim\u00e9e\" \/>\n\t<meta name=\"twitter:data1\" content=\"2 minutes\" \/>\n<script type=\"application\/ld+json\" class=\"yoast-schema-graph\">{\"@context\":\"https:\\\/\\\/schema.org\",\"@graph\":[{\"@type\":\"WebPage\",\"@id\":\"https:\\\/\\\/www.linneenne-amiens.org\\\/?page_id=445\",\"url\":\"https:\\\/\\\/www.linneenne-amiens.org\\\/?page_id=445\",\"name\":\"Les bulletins - Soci\u00e9t\u00e9 linn\u00e9enne Nord-Picardie\",\"isPartOf\":{\"@id\":\"https:\\\/\\\/www.linneenne-amiens.org\\\/#website\"},\"datePublished\":\"2025-06-18T18:43:58+00:00\",\"dateModified\":\"2025-07-10T10:19:38+00:00\",\"breadcrumb\":{\"@id\":\"https:\\\/\\\/www.linneenne-amiens.org\\\/?page_id=445#breadcrumb\"},\"inLanguage\":\"fr-FR\",\"potentialAction\":[{\"@type\":\"ReadAction\",\"target\":[\"https:\\\/\\\/www.linneenne-amiens.org\\\/?page_id=445\"]}]},{\"@type\":\"BreadcrumbList\",\"@id\":\"https:\\\/\\\/www.linneenne-amiens.org\\\/?page_id=445#breadcrumb\",\"itemListElement\":[{\"@type\":\"ListItem\",\"position\":1,\"name\":\"Accueil\",\"item\":\"https:\\\/\\\/www.linneenne-amiens.org\\\/\"},{\"@type\":\"ListItem\",\"position\":2,\"name\":\"Les bulletins\"}]},{\"@type\":\"WebSite\",\"@id\":\"https:\\\/\\\/www.linneenne-amiens.org\\\/#website\",\"url\":\"https:\\\/\\\/www.linneenne-amiens.org\\\/\",\"name\":\"Soci\u00e9t\u00e9 Linn\u00e9enne Nord-Picardie\",\"description\":\"A la d\u00e9couverte des sciences de la nature !\",\"publisher\":{\"@id\":\"https:\\\/\\\/www.linneenne-amiens.org\\\/#organization\"},\"potentialAction\":[{\"@type\":\"SearchAction\",\"target\":{\"@type\":\"EntryPoint\",\"urlTemplate\":\"https:\\\/\\\/www.linneenne-amiens.org\\\/?s={search_term_string}\"},\"query-input\":{\"@type\":\"PropertyValueSpecification\",\"valueRequired\":true,\"valueName\":\"search_term_string\"}}],\"inLanguage\":\"fr-FR\"},{\"@type\":\"Organization\",\"@id\":\"https:\\\/\\\/www.linneenne-amiens.org\\\/#organization\",\"name\":\"Soci\u00e9t\u00e9 Linn\u00e9enne Nord-Picardie\",\"url\":\"https:\\\/\\\/www.linneenne-amiens.org\\\/\",\"logo\":{\"@type\":\"ImageObject\",\"inLanguage\":\"fr-FR\",\"@id\":\"https:\\\/\\\/www.linneenne-amiens.org\\\/#\\\/schema\\\/logo\\\/image\\\/\",\"url\":\"https:\\\/\\\/www.linneenne-amiens.org\\\/wp-content\\\/uploads\\\/2025\\\/07\\\/cropped-logo-entete.png\",\"contentUrl\":\"https:\\\/\\\/www.linneenne-amiens.org\\\/wp-content\\\/uploads\\\/2025\\\/07\\\/cropped-logo-entete.png\",\"width\":128,\"height\":113,\"caption\":\"Soci\u00e9t\u00e9 Linn\u00e9enne Nord-Picardie\"},\"image\":{\"@id\":\"https:\\\/\\\/www.linneenne-amiens.org\\\/#\\\/schema\\\/logo\\\/image\\\/\"},\"sameAs\":[\"https:\\\/\\\/www.facebook.com\\\/slnp80\"]}]}<\/script>\n<!-- \/ Yoast SEO plugin. -->","yoast_head_json":{"title":"Les bulletins - Soci\u00e9t\u00e9 linn\u00e9enne Nord-Picardie","robots":{"index":"index","follow":"follow","max-snippet":"max-snippet:-1","max-image-preview":"max-image-preview:large","max-video-preview":"max-video-preview:-1"},"canonical":"https:\/\/www.linneenne-amiens.org\/?page_id=445","og_locale":"fr_FR","og_type":"article","og_title":"Les bulletins - Soci\u00e9t\u00e9 linn\u00e9enne Nord-Picardie","og_description":"Les bulletins de la Soci\u00e9t\u00e9 linn\u00e9enne Nord-Picardie disponibles en ligne ! Dans cette rubrique il vous est possible de consulter les anciens bulletins de la SLNP en ligne et m\u00eame Continuer la lecture \u2192","og_url":"https:\/\/www.linneenne-amiens.org\/?page_id=445","og_site_name":"Soci\u00e9t\u00e9 linn\u00e9enne Nord-Picardie","article_publisher":"https:\/\/www.facebook.com\/slnp80","article_modified_time":"2025-07-10T10:19:38+00:00","twitter_misc":{"Dur\u00e9e de lecture estim\u00e9e":"2 minutes"},"schema":{"@context":"https:\/\/schema.org","@graph":[{"@type":"WebPage","@id":"https:\/\/www.linneenne-amiens.org\/?page_id=445","url":"https:\/\/www.linneenne-amiens.org\/?page_id=445","name":"Les bulletins - Soci\u00e9t\u00e9 linn\u00e9enne Nord-Picardie","isPartOf":{"@id":"https:\/\/www.linneenne-amiens.org\/#website"},"datePublished":"2025-06-18T18:43:58+00:00","dateModified":"2025-07-10T10:19:38+00:00","breadcrumb":{"@id":"https:\/\/www.linneenne-amiens.org\/?page_id=445#breadcrumb"},"inLanguage":"fr-FR","potentialAction":[{"@type":"ReadAction","target":["https:\/\/www.linneenne-amiens.org\/?page_id=445"]}]},{"@type":"BreadcrumbList","@id":"https:\/\/www.linneenne-amiens.org\/?page_id=445#breadcrumb","itemListElement":[{"@type":"ListItem","position":1,"name":"Accueil","item":"https:\/\/www.linneenne-amiens.org\/"},{"@type":"ListItem","position":2,"name":"Les bulletins"}]},{"@type":"WebSite","@id":"https:\/\/www.linneenne-amiens.org\/#website","url":"https:\/\/www.linneenne-amiens.org\/","name":"Soci\u00e9t\u00e9 Linn\u00e9enne Nord-Picardie","description":"A la d\u00e9couverte des sciences de la nature !","publisher":{"@id":"https:\/\/www.linneenne-amiens.org\/#organization"},"potentialAction":[{"@type":"SearchAction","target":{"@type":"EntryPoint","urlTemplate":"https:\/\/www.linneenne-amiens.org\/?s={search_term_string}"},"query-input":{"@type":"PropertyValueSpecification","valueRequired":true,"valueName":"search_term_string"}}],"inLanguage":"fr-FR"},{"@type":"Organization","@id":"https:\/\/www.linneenne-amiens.org\/#organization","name":"Soci\u00e9t\u00e9 Linn\u00e9enne Nord-Picardie","url":"https:\/\/www.linneenne-amiens.org\/","logo":{"@type":"ImageObject","inLanguage":"fr-FR","@id":"https:\/\/www.linneenne-amiens.org\/#\/schema\/logo\/image\/","url":"https:\/\/www.linneenne-amiens.org\/wp-content\/uploads\/2025\/07\/cropped-logo-entete.png","contentUrl":"https:\/\/www.linneenne-amiens.org\/wp-content\/uploads\/2025\/07\/cropped-logo-entete.png","width":128,"height":113,"caption":"Soci\u00e9t\u00e9 Linn\u00e9enne Nord-Picardie"},"image":{"@id":"https:\/\/www.linneenne-amiens.org\/#\/schema\/logo\/image\/"},"sameAs":["https:\/\/www.facebook.com\/slnp80"]}]}},"_links":{"self":[{"href":"https:\/\/www.linneenne-amiens.org\/index.php?rest_route=\/wp\/v2\/pages\/445","targetHints":{"allow":["GET"]}}],"collection":[{"href":"https:\/\/www.linneenne-amiens.org\/index.php?rest_route=\/wp\/v2\/pages"}],"about":[{"href":"https:\/\/www.linneenne-amiens.org\/index.php?rest_route=\/wp\/v2\/types\/page"}],"author":[{"embeddable":true,"href":"https:\/\/www.linneenne-amiens.org\/index.php?rest_route=\/wp\/v2\/users\/1"}],"replies":[{"embeddable":true,"href":"https:\/\/www.linneenne-amiens.org\/index.php?rest_route=%2Fwp%2Fv2%2Fcomments&post=445"}],"version-history":[{"count":33,"href":"https:\/\/www.linneenne-amiens.org\/index.php?rest_route=\/wp\/v2\/pages\/445\/revisions"}],"predecessor-version":[{"id":3004,"href":"https:\/\/www.linneenne-amiens.org\/index.php?rest_route=\/wp\/v2\/pages\/445\/revisions\/3004"}],"wp:attachment":[{"href":"https:\/\/www.linneenne-amiens.org\/index.php?rest_route=%2Fwp%2Fv2%2Fmedia&parent=445"}],"curies":[{"name":"wp","href":"https:\/\/api.w.org\/{rel}","templated":true}]}}